2643262
What is 52080 (base 14) in base 6?
4123104
-10011011011000101110011 (base 2) to base 14
-96780b
-1001411115 (base 6) to base 15
-d59745
-14631512 (base 7) to base 15
-1ca98b
Convert 22c74 (base 13) to base 8.
174227
-3346245 (base 8) to base 16
-dcca5
173896 (base 10) to base 7
1322662
b3b701 (base 12) to base 4
22300110301
What is -15123 (base 16) in base 13?
-30390
2320203120 (base 4) to base 2
10111000100011011000
-10000101011100 (base 2) to base 7
-33620
Convert 100000111001111001110010 (base 2) to base 12.
2a7b92a
Convert -522041431 (base 6) to base 7.
-136660513
Convert -1323255 (base 6) to base 8.
-217163
What is -269420 (base 13) in base 15?
-136d02
What is 526b7 (base 12) in base 7?
630163
d292e (base 16) to base 6
30253034
What is -1d4b7 (base 15) in base 5?
-11024242
What is 13716361 (base 8) in base 10?
3120369
Convert -117b7a (base 14) to base 10.
-597712
-23553665 (base 7) to base 2
-1000000000000100100011
-100100100000010001000010 (base 2) to base 14
-13b152a
What is 1000002021221 (base 3) in base 5?
114024423
-11121310032 (base 4) to base 3
-2122222000120
3233230122 (base 4) to base 2
11101111101100011010
Convert -1126445 (base 13) to base 11.
-2a79867
What is -3014410 (base 6) in base 2?
-100010101111000110
Convert 1100101100010011 (base 2) to base 7.
304365
What is -c806 (base 13) in base 12?
-14062
Convert 5545543 (base 7) to base 5.
133341000
100887 (base 10) to base 3
12010101120
What is -719d95 (base 14) in base 3?
-21012121112120
What is -236816 (base 9) in base 13?
-50010
Convert -7a92b (base 12) to base 9.
-268568
-2254652 (base 8) to base 6
-21044534
Convert -4501270 (base 9) to base 14.
-4708d5
-202200222020 (base 3) to base 14
-a8706
What is 44344511 (base 7) in base 14?
718678
Convert -5a308b (base 12) to base 15.
-1db9ab
1788032 (base 9) to base 15
14c358
-4767045 (base 8) to base 7
-14050005
What is 2a4aa (base 12) in base 11?
40743
What is 393663 (base 11) in base 6?
21141010
What is -8abc9 (base 13) in base 10?
-252482
-414112 (base 9) to base 2
-111100000000000101
Convert -b1795d (base 14) to base 9.
-12216803
-3364163 (base 8) to base 11
-572894
What is 2c19c0 (base 16) in base 9?
5384516
Convert -1c85b (base 14) to base 3.
-10201010110
-a7a46 (base 11) to base 6
-3210443
What is 356864 (base 9) in base 7?
1553626
What is -1121344054 (base 6) in base 12?
-419802a
Convert -713377 (base 11) to base 7.
-12513246
What is -340510512 (base 6) in base 8?
-27513254
Convert 21112211020212 (base 3) to base 6.
221553252
What is 6e263 (base 15) in base 11?
220135
What is -23110366 (base 8) in base 7?
-60436201
2004376 (base 9) to base 11
668a91
Convert 2134441323 (base 5) to base 4.
101211033003
Convert 508456 (base 10) to base 11.
318013
Convert -378b90 (base 12) to base 3.
-1201002101200
Convert 40016 (base 7) to base 10.
9617
What is -1211110201022 (base 3) in base 2?
-11101101101110101000
What is -311456542 (base 7) in base 12?
-6174261
2139549 (base 10) to base 9
4020816
Convert 100110100010110011101 (base 2) to base 4.
10310112131
-22230115 (base 7) to base 12
-788bba
82ae8 (base 16) to base 8
2025350
Convert -30220230223 (base 4) to base 8.
-14505453
11022101022020 (base 3) to base 7
25320354
Convert 10250031 (base 7) to base 13.
245814
2644468 (base 10) to base 6
132402524
What is -101000110001001 (base 2) in base 6?
-240345
Convert 418422 (base 9) to base 14.
66a0d
What is 23312210 (base 4) in base 11?
33525
Convert -221555 (base 10) to base 9.
-366822
Convert -11112020222212 (base 3) to base 2.
-1001001011100000011001
Convert 101011221111 (base 3) to base 2.
110000111011110010
What is 5010332 (base 6) in base 15?
4981e
-a4c0 (base 15) to base 2
-1000100000001110
What is -2023323000 (base 4) in base 3?
-1002010011200
-133301112 (base 4) to base 10
-130134
Convert -1312122220 (base 4) to base 16.
-766a8
Convert -1d0de8 (base 16) to base 9.
-3521841
What is -20dd9 (base 16) in base 2?
-100000110111011001
Convert -15312 (base 16) to base 5.
-10234202
-33460275 (base 8) to base 15
-97d4d5
Convert -10010001111011110111 (base 2) to base 8.
-2217367
Convert -c2328 (base 14) to base 10.
-467104
What is -44000313 (base 6) in base 14?
-2601a5
Convert 173046 (base 11) to base 10.
267581
Convert 31410310 (base 5) to base 12.
108399
Convert -1001000110010100111001 (base 2) to base 3.
-11111011220002
-122000101001 (base 3) to base 15
-69357
What is -912886 (base 11) in base 15?
-1ded9e
What is 17025a (base 11) in base 14?
6c221
What is -10010110000110110000011 (base 2) in base 3?
-100020220010120
Convert -cd568 (base 15) to base 4.
-2133110312
ff8c (base 16) to base 6
1222512
Convert 13340141 (base 9) to base 6.
353014401
Convert 44844a (base 11) to base 14.
14828a
37c365 (base 14) to base 11
1099569
10101011100001001 (base 2) to base 16
15709
What is 8639 (base 13) in base 15?
57c8
Convert -5350703 (base 8) to base 13.
-3b0b37
Convert -18821133 (base 9) to base 2.
-100100010100011011010011
What is -15522602 (base 8) in base 14?
-693202
4315b (base 12) to base 5
10311333
What is -12104020 (base 6) in base 9?
-641773
Convert 22210101101000 (base 3) to base 11.
2701515
What is 91350 (base 11) in base 13?
48a08
10514617 (base 8) to base 15
2ebce0
What is 5b6965 (base 12) in base 3?
2210101122212
Convert 51123513 (base 6) to base 16.
163d85
Convert -85a903 (base 11) to base 14.
-27b66b
2169a (base 14) to base 15
18e78
6313342 (base 7) to base 13
207b77
Convert -308048 (base 9) to base 12.
-89abb
Convert -a110a7 (base 11) to base 16.
-18d1e7
Convert -6a27a8 (base 11) to base 12.
-45a047
-210034310 (base 6) to base 2
-1101111001101010000010
What is -10257765 (base 8) in base 9?
-4103311
What is c5a69 (base 13) in base 7?
3010266
What is -2829a (base 13) in base 4?
-102112123
42561 (base 14) to base 15
32712
130525 (base 14) to base 3
1020020020101
-2e0034 (base 15) to base 6
-115424421
10101011000111010101 (base 2) to base 6
23004501
What is -704643 (base 9) in base 16?
-65c10
Convert 321023301 (base 4) to base 16.
392f1
What is 124023234 (base 5) in base 13?
1851a4
What is -6105b (base 14) in base 13?
-8227a
What is 14590a (base 11) in base 15?
4757e
Convert -150c817 (base 15) to base 5.
-12344323242
ed655 (base 15) to base 10
754055
16140123 (base 7) to base 4
11323313022
Convert -11122101011202 (base 3) to base 5.
-1112432133
-25532 (base 16) to base 15
-30472
-a2a4a2 (base 12) to base 16
-26e03a
What is 235a67a (base 11) in base 8?
17542303
518340 (base 9) to base 4
1023023031
1001101001110 (base 2) to base 9
6701
What is 23087a4 (base 12) in base 14?
c73c28
Convert -312624114 (base 7) to base 11.
-a46956a
What is -31441111 (base 5) in base 3?
-111110201121
-110001010110100101111101 (base 2) to base 16
-c5697d
What is 10111111000100111 (base 2) in base 14?
2791d
-1200cc (base 15) to base 10
-860817
1eeca (base 16) to base 5
13023131
What is -25324563 (base 7) in base 15?
-304296
Convert -255368 (base 9) to base 6.
-3152525
Convert 38745787 (base 9) to base 4.
1020221133121
cb9775 (base 15) to base 8
45004073
Convert -2315419 (base 10) to base 8.
-10652233
Convert -34002010 (base 5) to base 10.
-297130
Convert -1d2b00 (base 16) to base 11.
-10961a5
What is 13d33 (base 14) in base 3?
2111112202
-de506 (base 16) to base 4
-3132110012
Convert -344131001 (base 5) to base 10.
-1552001
What is -e5794 (base 15) in base 2?
-10110001100100101011
Convert 76362 (base 8) to base 4.
13303302
Convert -122201020001121 (base 3) to base 12.
-319b337
What is -416286 (base 12) in base 9?
-1834473
-10550400 (base 6) to base 13
-b518b
What is -2372617 (base 8) in base 13?
-19b109
What is -134771 (base 10) in base 4?
-200321303
What is 98273 (base 11) in base 5?
14031424
210022022 (base 3) to base 6
155525
a8915c (base 16) to base 6
1032440420
Convert 949634 (base 14) to base 5.
2241114443
Convert -1010001010001011001000 (base 2) to base 7.
-31431114
1010300232 (base 4) to base 9
468310
Convert -5b081a (base 14) to base 13.
-8500a9
Convert -3501444 (base 6) to base 9.
-302771
Convert 312748 (base 9) to base 2.
101101010110110001
-3ab18 (base 12) to base 6
-1423232
What is 44210114 (base 5) in base 4?
1131033111
Convert -11464223 (base 7) to base 16.
-fa139
Convert 211021011 (base 3) to base 15.
4c21
Convert -456072 (base 9) to base 10.
-